or of 3324943?
False
Is 1011701484 a multiple of 9?
True
Is 59385696 a multiple of 488?
True
Is 358695324 a multiple of 2276?
True
Does 3 divide 1679738?
False
Is 142 a factor of 30677232?
False
Is 57 a factor of 1689594741?
True
Is 168435919 a multiple of 17?
False
Is 66 a factor of 86658?
True
Is 124035261 a multiple of 21?
True
Is 446350926 a multiple of 266?
True
Does 247 divide 60041995?
True
Does 8 divide 235228151?
False
Is 57087908 a multiple of 173?
False
Does 119 divide 20965061?
False
Is 25130048 a multiple of 628?
True
Does 178 divide 14893972?
True
Is 928374042 a multiple of 334?
True
Is 3512799081 a multiple of 99?
True
Does 8 divide 282989214?
False
Is 10 a factor of 665875?
False
Is 30573099 a multiple of 27?
True
Is 4462580 a multiple of 20?
True
Is 1799873870 a multiple of 4102?
False
Does 11 divide 34468504?
False
Is 244147440 a multiple of 2585?
False
Does 17 divide 147886792?
False
Is 1066 a factor of 3868531317?
False
Is 74147820 a multiple of 18?
False
Is 933 a factor of 43241751?
True
Is 31 a factor of 2461448504?
False
Is 5 a factor of 142513175?
True
Is 11 a factor of 3848924?
False
Does 677 divide 86051414?
False
Is 52575513 a multiple of 1408?
False
Does 62 divide 235252800?
True
Is 232216024 a multiple of 38?
True
Is 45697715 even?
False
Is 23874197 a multiple of 797?
False
Is 241 a factor of 82060741?
True
Is 179 a factor of 9861280?
False
Is 52580193 a multiple of 1298?
False
Does 61 divide 439392967?
False
Is 147063532 a multiple of 68?
True
Does 2 divide 3265697?
False
Is 18285030 a multiple of 18?
True
Is 929 a factor of 368807426?
True
Is 4640 a factor of 35904320?
True
Is 2175 a factor of 91822656?
False
Does 300 divide 15507600?
True
Is 83 a factor of 975410334?
False
Is 1948 a factor of 17966404?
True
Is 5077 a factor of 1125951675?
True
Is 212 a factor of 898954412?
True
Is 24043789 a multiple of 249?
False
Is 530054866 a multiple of 17?
True
Is 90 a factor of 58750350?
False
Does 5 divide 53732335?
True
Is 5 a factor of 44448382?
False
Does 406 divide 3078755652?
True
Does 39 divide 204273342?
True
Is 2650508 a multiple of 8?
False
Is 8431 a factor of 1024408655?
True
Does 16 divide 41324228?
False
Does 150 divide 812862?
False
Is 118 a factor of 2579311850?
True
Does 8 divide 8976112?
True
Is 30831925 a multiple of 59?
True
Is 10 a factor of 34146520?
True
Is 14 a factor of 25812625?
False
Does 10216 divide 655702030?
False
Does 9 divide 111705680?
False
Is 1457615328 a multiple of 106?
True
Does 31 divide 68587810?
True
Is 67 a factor of 166659887?
True
Does 23 divide 707798067?
True
Is 438693138 a multiple of 1056?
False
Does 379 divide 523244368?
True
Is 15 a factor of 5231904420?
True
Is 1581524779 a multiple of 555?
False
Is 4090 a factor of 151767630?
True
Is 408 a factor of 221405280?
True
Is 24 a factor of 234606882?
False
Does 88 divide 34355992?
True
Does 1945 divide 115197339?
False
Does 60 divide 1284095199?
False
Is 983 a factor of 1985672882?
False
Does 4 divide 1525467466?
False
Does 853 divide 470967473?
False
Does 29 divide 38905117?
False
Is 47 a factor of 41455630?
False
Does 6855 divide 1183000377?
False
Is 928477215 a multiple of 9?
True
Is 4950880 a multiple of 22?
True
Is 517800641 a multiple of 272?
False
Does 561 divide 20100409?
False
Is 13 a factor of 160959197?
False
Is 17 a factor of 36142690?
False
Is 52 a factor of 81338485?
False
Is 449 a factor of 2149849716?
True
Is 640 a factor of 4074261748?
False
Is 276583290 a multiple of 46?
False
Is 289401684 a multiple of 572?
True
Does 8028 divide 2291268371?
False
Is 238 a factor of 9756572?
True
Is 610 a factor of 256953015?
False
Does 2278 divide 445856395?
False
Is 381 a factor of 1260857152?
False
Does 231 divide 97713232?
False
Is 5457 a factor of 599936948?
False
Does 114 divide 35685876?
True
Is 113714510 a multiple of 4031?
True
Is 48 a factor of 332699040?
True
Is 208920480 a multiple of 5674?
False
Does 14 divide 6840574?
False
Is 127 a factor of 26585545?
True
Is 1290032760 a multiple of 4216?
True
Does 111 divide 13665902?
False
Is 15 a factor of 78600149?
False
Is 25087264 a multiple of 1130?
False
Is 6101708 a multiple of 244?
True
Is 10408312 a multiple of 31?
True
Is 48 a factor of 52593696?
True
Is 211864850 a multiple of 4756?
False
Does 189 divide 17965584?
True
Is 28604089 a multiple of 378?
False
Is 74687340 a multiple of 182?
True
Is 26 a factor of 10422035?
False
Is 10 a factor of 1572809?
False
Is 57 a factor of 151379973?
True
Is 101782940 a multiple of 39?
False
Is 558 a factor of 644738310?
True
Is 148 a factor of 7982749?
False
Does 30 divide 1976817885?
False
Is 830 a factor of 138755250?
True
Does 458 divide 86382648?
False
Is 57109945 a multiple of 101?
True
Is 213662603 a multiple of 7?
True
Is 669111781 a multiple of 19?
False
Does 9 divide 284009481?
True
Does 27 divide 265974190?
False
Is 169015517 a multiple of 2476?
False
Is 214631331 a multiple of 73?
False
Is 7 a factor of 88473003?
False
Is 50 a factor of 2326604950?
True
Is 3 a factor of 628715488?
False
Is 738400 a multiple of 208?
True
Does 5 divide 121169495?
True
Does 185 divide 60568445?
True
Does 8 divide 73020071?
False
Does 124 divide 12902448?
True
Does 22 divide 179468796?
False
Does 108 divide 3023298?
False
Does 148 divide 12504224?
True
Does 516 divide 183643964?
False
Is 383 a factor of 3749846?
False
Is 25135659 a multiple of 9?
True
Is 7796 a factor of 1371522076?
False
Does 8 divide 70632778?
False
Does 130 divide 44616100?
False
Does 147 divide 22915805?
False
Does 639 divide 8429049?
True
Is 214418382 a multiple of 646?
True
Is 28 a factor of 3279864?
True
Is 2228 a factor of 2695551749?
False
Is 5288 a factor of 3616658079?
False
Is 25174464 a multiple of 21?
True
Is 4619 a factor of 3647819144?
False
Is 440 a factor of 527620754?
False
Is 156 a factor of 15384618?
False
Is 14372689 a multiple of 6?
False
Is 13400597 a multiple of 8?
False
Is 19 a factor of 230845858?
True
Is 19 a factor of 411692893?
True
Does 700 divide 114253451?
False
Is 1486605 a multiple of 31?
True
Does 4 divide 2099454?
False
Does 130 divide 853226375?
False
Is 2987324 a multiple of 80?
False
Is 3924 a factor of 185906576?
False
Is 31 a factor of 32073159?
False
Is 3298399 a multiple of 3?
False
Does 20 divide 250314562?
False
Does 3034 divide 1218703188?
True
Does 15 divide 79605575?
False
Is 48871480 a multiple of 28?
True
Is 90615042 a multiple of 42?
True
Is 2897 a factor of 1228275854?
True
Is 400867446 a multiple of 119?
True
Is 736546020 a multiple of 644?
True
Is 134638928 a multiple of 22?
False
Is 32 a factor of 119589184?
True
Is 120380418 a multiple of 1157?
False
Does 330 divide 5143960470?
True
Is 25 a factor of 6305750?
True
Is 479 a factor of 1477541422?
False
Is 3127 a factor of 186987997?
False
Is 156968496 a multiple of 5571?
True
Is 26382177 a multiple of 9?
True
Is 12169024 a multiple of 64?
True
Is 4548135276 a multiple of 12?
True
Does 485 divide 583907505?
True
Does 10 divide 45504810?
True
Does 234 divide 1864056654?
False
Does 25 divide 4405925?
True
Is 1295881133 a multiple of 3174?
False
Is 996 a factor of 435620520?
True
Is 209 a factor of 822491285?
True
Is 876 a factor of 54689556?
True
Does 1561 divide 29927492?
True
Is 79663530 a multiple of 30?
True
Is 593131566 a multiple of 15?
False
Is 594693657 a multiple of 490?
False
Is 45 a factor of 3989087976?
False
Does 18 divide 1470872004?
False
Is 540344878 a multiple of 2470?
False
Is 1749023970 a multiple of 15?
True
Is 202697221 a multiple of 382?
False
Does 234 divide 89996400?
True
Is 390 a factor of 235380210?
True
Is 151139457 a multiple of 3?
True
Is 282908362 a multiple of 3?
False
Does 11 divide 3374668737?
True
Is 639 a factor of 5477075?
False
Is 311 a factor of 6861475?
False
Is 11 a factor of 4851845761?
False
Is 203412 a multiple of 253?
True
Is 11486450 a multiple of 38?
True
Is 1274 a factor of 4324896128?
False
Is 791 a factor of 644565608?
False
Does 1210 divide 7788770?
True
Is 30011419 a multiple of 3617?
False
Is 136450331 a multiple of 691?
False
Is 14 a factor of 48406096?
False
Is 60 a factor of 2060461268?
False
Is 1857 a factor of 104376399?
True
Does 2934 divide 2631243474?
True
Is 689372113 a multiple of 19?
False
Is 71964920 a mu